13 + 4)?
-13
-10 + ((-10 - -15) + 0 - 2)
-7
Calculate 2 - (18 + -31 + 20).
-5
Evaluate 5 + 4 + 7 - (6 + 0).
10
13 + -5 + (0 - (11 - 1))
-2
(-9 - -6) + -13 + 1 + 14
-1
What is the value of -16 + (-2 + 5 - 14 - -46)?
19
Calculate 14 + ((-24 - -12) + 20 - 12).
10
Evaluate -2 + 8 + 4 + 40 + -22.
28
What is -16 + (3 - ((-6 - 3) + 6 + -1))?
-9
What is the value of 11 + 1 + -27 - -17?
2
What is -1 - -11 - 19 - -14 - (4 + 0)?
1
What is -24 + 22 + (8 - 11)?
-5
What is the value of -8 + 3 + (1 - -23) - 7?
12
What is the value of 16 - -1 - (-206 + 224)?
-1
What is 21 + 17 + 5 + -31?
12
What is the value of -36 - (-8 + 2) - -6?
-24
What is -5 - -30 - (0 + (7 - -3))?
15
Evaluate (-11 - -9) + -8 - (-3 - 26).
19
Evaluate -2 - (-7 - -33) - (7 - 23).
-12
Calculate 12 - (-16 - -4 - -20).
4
Evaluate -29 - ((-2 - 3) + -20 + 9).
-13
What is the value of 9 + 0 + (-61 - -52)?
0
-3 - -7 - ((1 - 26) + -78 + 87)
20
What is the value of 6 + -5 + 2 + -6 + (6 - 14)?
-11
What is 19 + -2 - ((-58 - -34) + 9)?
32
Calculate 7 - 8 - (-28 - (-7 - 5)).
15
5 + (-5 + 2 + -8 - -8 - 1)
1
Evaluate (-20 - (-16 - -9)) + 15.
2
14 - (-7 + 3) - (111 + -98)
5
-1 + -4 + -14 + -20 - 6 - -11
-34
Calculate -2 - (-21 + 26 - (0 - -9)).
2
Evaluate 12 - (48 + -14 - 11 - 16).
5
What is the value of 2 - 16 - (-11 - 3) - 10?
-10
Calculate 6 - (6 - (-2 + 17 - 6)).
9
Calculate -6 + (-16 - -18 - ((0 - -1) + -13)).
8
What is 16 - (-10 + 9 - (-3 - -4) - 3)?
21
What is 42 + -29 - (1 + 2)?
10
13 - (-4 + 0 + (0 - -8))
9
Evaluate -7 - (-4 - (3 + -7) - -7).
-14
-5 - (-2 + -13 + 8 + 1)
1
440 + -455 + 15 + 0
0
Evaluate (-19 - -12) + 1 + 30 + 8.
32
What is (8 - (8 + 2)) + 15 + 2?
15
Evaluate -20 + -1 + (25 + -32 - -2).
-26
What is the value of -10 + -9 + 32 - (0 - -8)?
5
What is the value of 43 + -4 + (3 - 0) - (-758 - -763)?
37
Evaluate (24 - 2) + (-25 - 21).
-24
Calculate -7 + 201 + -194 + 20 + -1.
19
16 + (0 - (-7 - -11))
12
Evaluate (3 - (9 + -13)) + -15.
-8
What is the value of -12 + (61 - 36) + -36?
-23
Calculate -25 + 0 + -2 + 18.
-9
Evaluate (-18 - -17) + (3 - (1 + -2 - -2)).
1
Evaluate (3 - (-12 + -3)) + -8.
10
Calculate 1 + 16 + (-16 - -6).
7
What is -4 + 0 + (6 - (13 - 0))?
-11
Calculate (9 - 34 - (0 - 9)) + 6 + 32.
22
Calculate 12 + 1 - 12 - (-2 + 0) - 1.
2
What is -17 + 12 + -29 + 51?
17
What is the value of 18 + (9 - 23) + 9 + (-1 - 1)?
11
What is the value of (-24 - (-56 - -27)) + -4?
1
Evaluate -10 + 25 + 15 + -8.
22
Calculate (-26 - (-63 + 16)) + -22.
-1
Calculate 35 - 4 - (-206 - -211).
26
2 - ((6 - -1) + 18) - -8
-15
What is the value of -2 + -4 + 2 + (-3 - 1)?
-8
Evaluate -2 + 3 - (12 - (12 - (-11 + 11))).
1
-6 + (0 - -4) + 4 + 6
8
Evaluate -9 - (7 + -3 - 11) - -3.
1
What is (-13 - -4 - -8 - 5) + -7?
-13
Evaluate (23 - 7) + -18 - (1 - (2 - 5)).
-6
-9 + (29 + 9 - 3) + -10
16
What is 1 + -2 + -7 + 37 + (-5 - 2)?
22
7 + (18 - (23 + -10))
12
What is the value of 17 + (0 - (-11 - (-9 - 10)))?
9
Evaluate (3 - (6 - (4 + 7))) + 13 + -3.
18
What is -9 + 0 + 31 + (7 - 19)?
10
Calculate -2 + (0 + -3 + 10 + -21 - -2).
-14
-2 + -1 - (63 + -74)
8
Calculate 3 + 0 + -1 + 48 + -58 + 19.
11
What is 3 - (2 + 14 + 220 + -241)?
8
What is the value of -15 - -1 - (-15 + 7 + 11 - 4)?
-13
What is 5 - (-5 + 5 + -3 - -4) - 20?
-16
(3 - 7 - 13) + 6
-11
What is the value of -15 + (-1 - (-4 - 1) - -3) + -7?
-15
What is (-20 + 33 - -10) + -20?
3
Evaluate 14 + (49 - 37) + 5.
31
Evaluate 35 - (100 - 31) - (-1 - 12).
-21
What is the value of (61 - 61) + 3 + -1 + 1 + 9?
12
-1 + (-14 - -1 - 1)
-15
What is -8 - (-2 + (-11 - -27 - 21))?
-1
What is 0 + -3 + -3 + (-146 - -136)?
-16
Calculate 1 + 15 + (6 - 0) + -14.
8
What is (-1 + -1 - -17) + (35 - 34) + -6?
10
Evaluate 15 - (-5 - -2 - (-27 + 10)).
1
What is -23 - ((-15 - -20) + -18) - -12?
2
What is the value of -8 - (4 + -8 + 0 + 0) - -29?
25
Evaluate -20 + (-5 - (-10 - 11)).
-4
What is (-19 - -17) + -16 + 20?
2
Calculate (-32 - (-3 + 9)) + 36.
-2
Evaluate (8 - (-10 - -1 - (-18 - 15))) + 1.
-15
(6 - (14 - 7)) + (34 - 62)
-29
Evaluate 7 + 3 - (-8 + -2 - -21).
-1
8 - (-13 + (10 - 5))
16
What is the value of 0 - (-7 + 8 + 4 - (4 + -6))?
-7
Evaluate 2 - -1 - (351 + -365).
17
Evaluate 2 - (2 + -31 - (3 + -2 + -10)).
22
Calculate 24 - 8 - 11 - (-5 + 0).
10
Evaluate -6 - (-3 - (-5 + 21 + -6) - -7).
0
-2 - (4 + (1 - (-10 + 4 + -3)))
-16
Calculate (19 - (1 - -14)) + -1 + -7.
-4
What is the value of 7 + (6 + 1 - 12) + -9 + -19?
-26
(-8 - -2 - 1) + (4 - (6 - 14))
5
Calculate 0 - 11 - (-76 - -66).
-1
Calculate (-3 - -6 - (1 + 3 + -6)) + -10.
-5
Calculate 21 - (10 + -5 + 0 - 3).
19
What is the value of (-112 - -128) + (-1 - -14) - (-2 + 8)?
23
-16 - (-20 - -50 - 68)
22
Calculate (1 + 2 - 13) + 0 + 7.
-3
What is (580 - 560) + -4 + 1?
17
Calculate -4 - (-13 - 8) - -2.
19
Calculate -12 + (5 + -7 + -3 - -14).
-3
What is the value of 38 + -30 + -20 + (0 - 1)?
-13
Calculate (-467 - -501) + (1 + 1 - 3) - 6.
27
-1 + -3 + (-3 - (2 + (-1 - 8)))
0
Calculate (0 - -10 - (330 + -327)) + (10 - 2).
15
What is the value of 5 + -12 + 8 + -13?
-12
What is the value of -4 + 3 + -11 - (0 + 0 - 2)?
-10
What is 2 - (4 + 6 + -8) - 0?
0
What is the value of -9 + 12 + 7 + 19 - 8?
21
Evaluate -9 + 27 + -35 + 15.
-2
Calculate 4 - (-11 + (11 - (-5 - 12))).
-13
(-6 - (7 + -7)) + 9 + -2
1
What is 12 - (-5 - (-33 - -16))?
0
-20 + (-30 - -16) - -19
-15
Calculate 22 - 6 - 23 - 6.
-13
What is (-8 - (0 - (0 - -25))) + (-7 - 0)?
10
Calculate (42 - 60) + 16 - (-25 - -5).
18
What is 11 + (15 - 27) + (-2 - (-24 - -1))?
20
-16 + -1 + 6 + -5 - (-33 + 24)
-7
Evaluate 19 - (-7 + (-13 - -33)).
6
Calculate (5 - 2) + -2 - -12.
13
Evaluate 18 + -18 - (-1 + 3 - -4).
-6
Calculate 5 - 24 - (26 + -20).
-25
What is the value of 10 - (-3 - (0 - 0) - 1 - -2)?
12
Calculate -21 - (-7 + (-4 - (-4 - 0))).
-14
(-1 - 0) + 1 - (229 - 234)
5
Evaluate -15 + 13 + (1 - 4).
-5
What is 18 + (-12 - 25) + 10 + -6 + 2?
-13
Evaluate (684 - 679) + 7 + 0 + 1 + 0.
13
What is the value of (27 - -14) + -2 - 17?
22
Calculate -23 + 16 + -10 + 7.
-10
What is the value of -3 - -4 - (-14 - -2)?
13
Evaluate 6 + -1 + (-34 - (27 - 75)).
19
Evaluate 9 - -6 - 5 - (7 + -17 - -20).
0
What is -10 + (10 - (16 + -13))?
-3
Calculate 0 + -41 + 19 + 5.
-17
What is the value of -14 + 29 + -21 - -32?
26
What is (-25 - (10 - 35)) + -11?
-11
4 + -24 + (4 - -18) + 12 + 0
14
-39 + 7 + 26 + -7
-13
What is the value of -826 + 823 - (1 + 4 + (-2 - -4))?
-10
6 + 6 + -7 + 12 + 8 - -3
28
What is 19 + (12 - 59) + 11?
-17
Evaluate -13 - (-7 + -1 - (-51 - -50)) - 10.
-16
What is the value of -18 - (-9 - (-4 + 15))?
2
What is the value of 4 + 13 + -9 - -2?
10
What is 97 + (-164 - -66) - (-37 - -1 - -1)?
34
What is the value of 5 - (16 - 2) - -9?
0
-2 + 24 + (44 - 59)
7
What is -11 + -18 + -12 + 10 + 61?
30
Evaluate -13 + (-13 - -13 - 7).
-20
Calculate -22 + 19 - (1 + 2 - 37 - -2).
29
Evaluate -4 - (-14 + 0) - ((2 - -1) + -10).
17
What is the value of (-3 - -9) + 6 + 9 + 10 + -30?
1
Calculate -12 + (10 - -11) + 16.
25
129 - 129 - (1 - 0 - 3)
2
What is 1 + -5 + (23 - 21) + -5 + 1?
-6
What is (67 - 55) + 2 + -7?
7
What is -3 + (0 - -4) - (3 - (-11 + 14))?
1
What is 2 - (0 + (0 - -3 - 7))?
6
What is the value of 5 + (-15 - 6 - -9 - -2)?
-5
Calculate (5 - 7) + (28 - 7 - 1).
18
What is -2 + -5 + (-45 - -35) - -7?
-10
What is the value of -50 - (-23 - (-1 - -11))?
-17
What is the value of -7 + 12 + (-13 + 6 - -1) + -2?
-3
Calculate -4 - (-37 + (-24 - -31)).
26
What is the value of -4 + 11 - 17 - -7 - -10?
7
-9 + 5 + 6 + -3 - (-7 + 1)
5
Evaluate 52 - 66 - (-10 + -15).
11
What is -61 + 73 + (1 - 4)?
9
Calculate (-1 - 3) + 2081 + -2065.
12
Calculate 5 - 8 - (0 - (0 + (1 - -15))).
13
Evaluate (69 - 67) + -6 + -4.
-8
Evaluate -6 + 3 + -10 + 39 + -15.
11
(6 - 4) + -4 + 7 - 14
-9
What is -9 + 17 + -13 + (-3 - -4)?
-4
Evaluate 1 + (41 - 30 - (0 + 1)).
11
Calculate 5 + -5 + 3 + 3 + -12.
-6
Evaluate 14 + -3 + (-26 + 22 - (1 - -1)).
5
21 + -24 + -30 + -2
-35
-21 + 38 + -3 + -13 + -20
-19
What is (-3 - -9) + -19 - -10?
-3
What is 2 - 5 - (327 - 327)?
-3
9 + (15 - 1 - (-9 + 16)) + -39
-23
What is the value of ((7 - 0) + -21 - -20) + -14?
-8
(28 - -26 - 35) + (3 - 1)
21
Evaluate 8 - (20 + (17 + -4 - 8)).
-17
What is 10 + -19 - (-18 - -9) - 1?
-1
What is (-10 - (-6 - (1 + 3))) + -4 + 0?
-4
Evaluate -15 + 9 + -2 - 5.
-13